{"id":4592,"date":"2020-07-22T13:09:23","date_gmt":"2020-07-22T19:09:23","guid":{"rendered":"http:\/\/web.azor.com.mx\/?page_id=4592"},"modified":"2023-07-26T12:07:13","modified_gmt":"2023-07-26T18:07:13","slug":"comprar-en-linea","status":"publish","type":"page","link":"https:\/\/web.azor.com.mx\/index.php\/comprar-en-linea\/","title":{"rendered":"Comprar en L\u00ednea"},"content":{"rendered":"\t\t<div data-elementor-type=\"wp-page\" data-elementor-id=\"4592\" class=\"elementor elementor-4592\">\n\t\t\t\t\t\t<section class=\"elementor-section elementor-top-section elementor-element elementor-element-632d579 elementor-section-boxed elementor-section-height-default elementor-section-height-default\" data-id=\"632d579\" data-element_type=\"section\">\n\t\t\t\t\t\t<div class=\"elementor-container elementor-column-gap-default\">\n\t\t\t\t\t<div class=\"elementor-column elementor-col-100 elementor-top-column elementor-element elementor-element-fabf43a\" data-id=\"fabf43a\" data-element_type=\"column\">\n\t\t\t<div class=\"elementor-widget-wrap elementor-element-populated\">\n\t\t\t\t\t\t<div class=\"elementor-element elementor-element-3eba034 elementor-widget elementor-widget-spacer\" data-id=\"3eba034\" data-element_type=\"widget\" data-widget_type=\"spacer.default\">\n\t\t\t\t<div class=\"elementor-widget-container\">\n\t\t\t\t\t<div class=\"elementor-spacer\">\n\t\t\t<div class=\"elementor-spacer-inner\"><\/div>\n\t\t<\/div>\n\t\t\t\t<\/div>\n\t\t\t\t<\/div>\n\t\t\t\t\t<\/div>\n\t\t<\/div>\n\t\t\t\t\t<\/div>\n\t\t<\/section>\n\t\t\t\t<section class=\"elementor-section elementor-top-section elementor-element elementor-element-9407b8c elementor-section-boxed elementor-section-height-default elementor-section-height-default\" data-id=\"9407b8c\" data-element_type=\"section\">\n\t\t\t\t\t\t<div class=\"elementor-container elementor-column-gap-default\">\n\t\t\t\t\t<div class=\"elementor-column elementor-col-33 elementor-top-column elementor-element elementor-element-5db0aa5\" data-id=\"5db0aa5\" data-element_type=\"column\">\n\t\t\t<div class=\"elementor-widget-wrap\">\n\t\t\t\t\t\t\t<\/div>\n\t\t<\/div>\n\t\t\t\t<div class=\"elementor-column elementor-col-33 elementor-top-column elementor-element elementor-element-bb8332e\" data-id=\"bb8332e\" data-element_type=\"column\">\n\t\t\t<div class=\"elementor-widget-wrap elementor-element-populated\">\n\t\t\t\t\t\t<div class=\"elementor-element elementor-element-7b831a1 elementor-widget elementor-widget-image\" data-id=\"7b831a1\" data-element_type=\"widget\" data-widget_type=\"image.default\">\n\t\t\t\t<div class=\"elementor-widget-container\">\n\t\t\t\t\t\t\t\t\t\t\t\t\t<img fetchpriority=\"high\" decoding=\"async\" width=\"1024\" height=\"388\" src=\"https:\/\/web.azor.com.mx\/wp-content\/uploads\/2020\/06\/Azor-Logo-sin-Pleca-2015_Artboard-1024x388.png\" class=\"attachment-large size-large wp-image-4250\" alt=\"\" srcset=\"https:\/\/web.azor.com.mx\/wp-content\/uploads\/2020\/06\/Azor-Logo-sin-Pleca-2015_Artboard-1024x388.png 1024w, https:\/\/web.azor.com.mx\/wp-content\/uploads\/2020\/06\/Azor-Logo-sin-Pleca-2015_Artboard-300x114.png 300w, https:\/\/web.azor.com.mx\/wp-content\/uploads\/2020\/06\/Azor-Logo-sin-Pleca-2015_Artboard-768x291.png 768w, https:\/\/web.azor.com.mx\/wp-content\/uploads\/2020\/06\/Azor-Logo-sin-Pleca-2015_Artboard-1536x582.png 1536w, https:\/\/web.azor.com.mx\/wp-content\/uploads\/2020\/06\/Azor-Logo-sin-Pleca-2015_Artboard-600x227.png 600w, https:\/\/web.azor.com.mx\/wp-content\/uploads\/2020\/06\/Azor-Logo-sin-Pleca-2015_Artboard.png 1555w\" sizes=\"(max-width: 1024px) 100vw, 1024px\" \/>\t\t\t\t\t\t\t\t\t\t\t\t\t<\/div>\n\t\t\t\t<\/div>\n\t\t\t\t\t<\/div>\n\t\t<\/div>\n\t\t\t\t<div class=\"elementor-column elementor-col-33 elementor-top-column elementor-element elementor-element-ce99fc5\" data-id=\"ce99fc5\" data-element_type=\"column\">\n\t\t\t<div class=\"elementor-widget-wrap\">\n\t\t\t\t\t\t\t<\/div>\n\t\t<\/div>\n\t\t\t\t\t<\/div>\n\t\t<\/section>\n\t\t\t\t<section class=\"elementor-section elementor-top-section elementor-element elementor-element-537631a elementor-section-stretched elementor-section-full_width elementor-section-height-default elementor-section-height-default\" data-id=\"537631a\" data-element_type=\"section\" data-settings=\"{&quot;stretch_section&quot;:&quot;section-stretched&quot;}\">\n\t\t\t\t\t\t<div class=\"elementor-container elementor-column-gap-default\">\n\t\t\t\t\t<div class=\"elementor-column elementor-col-100 elementor-top-column elementor-element elementor-element-43c245a\" data-id=\"43c245a\" data-element_type=\"column\">\n\t\t\t<div class=\"elementor-widget-wrap elementor-element-populated\">\n\t\t\t\t\t\t<div class=\"elementor-element elementor-element-30b42c4 elementor-widget elementor-widget-heading\" data-id=\"30b42c4\" data-element_type=\"widget\" data-widget_type=\"heading.default\">\n\t\t\t\t<div class=\"elementor-widget-container\">\n\t\t\t<h2 class=\"elementor-heading-title elementor-size-default\">Aviso Importante<\/h2>\t\t<\/div>\n\t\t\t\t<\/div>\n\t\t\t\t\t<\/div>\n\t\t<\/div>\n\t\t\t\t\t<\/div>\n\t\t<\/section>\n\t\t\t\t<section class=\"elementor-section elementor-top-section elementor-element elementor-element-4b42fdf elementor-section-boxed elementor-section-height-default elementor-section-height-default\" data-id=\"4b42fdf\" data-element_type=\"section\">\n\t\t\t\t\t\t<div class=\"elementor-container elementor-column-gap-default\">\n\t\t\t\t\t<div class=\"elementor-column elementor-col-100 elementor-top-column elementor-element elementor-element-e7d0017\" data-id=\"e7d0017\" data-element_type=\"column\">\n\t\t\t<div class=\"elementor-widget-wrap elementor-element-populated\">\n\t\t\t\t\t\t<div class=\"elementor-element elementor-element-4fb601c elementor-widget elementor-widget-text-editor\" data-id=\"4fb601c\" data-element_type=\"widget\" data-widget_type=\"text-editor.default\">\n\t\t\t\t<div class=\"elementor-widget-container\">\n\t\t\t\t\t\t\t<p style=\"text-align: center;\">En esta secci\u00f3n Grupo Azor pone a disposici\u00f3n de sus clientes finales la red de <strong>DISTRIBUIDORES AUTORIZADOS<\/strong> que cuentan con venta en l\u00ednea.<\/p><p style=\"text-align: center;\">\u2013 Cada distribuidor maneja diferentes productos, en Grupo Azor no nos hacemos responsables por la oferta y\/o gama de productos que cada uno de ellos ofrece.<\/p><p style=\"text-align: center;\">\u2013 La compra se realiza directamente a trav\u00e9s de la tienda en l\u00ednea de cada <strong>distribuidor autorizado<\/strong>, Grupo Azor no se hace responsable por existencias, cargos, tiempos de entrega, estados del producto, uso y recolecci\u00f3n de datos personales, facturaci\u00f3n, devoluciones, etc.<\/p><p style=\"text-align: center;\">\u2013 Cualquier duda o aclaraci\u00f3n requerida sobre alguna compra en l\u00ednea deber\u00e1 ser siempre a trav\u00e9s del <strong>distribuidor autorizado<\/strong> con el que se hizo la transacci\u00f3n.<\/p>\t\t\t\t\t\t<\/div>\n\t\t\t\t<\/div>\n\t\t\t\t\t<\/div>\n\t\t<\/div>\n\t\t\t\t\t<\/div>\n\t\t<\/section>\n\t\t\t\t<section class=\"elementor-section elementor-top-section elementor-element elementor-element-b583644 elementor-section-boxed elementor-section-height-default elementor-section-height-default\" data-id=\"b583644\" data-element_type=\"section\">\n\t\t\t\t\t\t<div class=\"elementor-container elementor-column-gap-default\">\n\t\t\t\t\t<div class=\"elementor-column elementor-col-33 elementor-top-column elementor-element elementor-element-6d08d8e\" data-id=\"6d08d8e\" data-element_type=\"column\">\n\t\t\t<div class=\"elementor-widget-wrap\">\n\t\t\t\t\t\t\t<\/div>\n\t\t<\/div>\n\t\t\t\t<div class=\"elementor-column elementor-col-33 elementor-top-column elementor-element elementor-element-d976000\" data-id=\"d976000\" data-element_type=\"column\">\n\t\t\t<div class=\"elementor-widget-wrap elementor-element-populated\">\n\t\t\t\t\t\t<div class=\"elementor-element elementor-element-f464b7f elementor-widget elementor-widget-premium-addon-button\" data-id=\"f464b7f\" data-element_type=\"widget\" data-widget_type=\"premium-addon-button.default\">\n\t\t\t\t<div class=\"elementor-widget-container\">\n\t\t\t\r\n\r\n\t\t<a class=\"premium-button premium-button-style4 premium-btn-lg premium-button-style4-bottom\" href=\"https:\/\/web.azor.com.mx\/index.php\/comprar-en-linea-paises\/\">\r\n\t\t\t<div class=\"premium-button-text-icon-wrapper\">\r\n\t\t\t\t\r\n                                    <span >\r\n                        Acepto                    <\/span>\r\n                \r\n                <!-- After Icon -->\r\n\t\t\t\t\t\t\t<\/div>\r\n\r\n\t\t\t\t\t\t\t<div class=\"premium-button-style4-icon-wrapper bottom\">\r\n\t\t\t\t\t\t\t\t\t\t\t<i aria-hidden=\"true\" class=\"fas fa-check\"><\/i>\t\t\t\t\t\t\t\t\t<\/div>\r\n\t\t\t\r\n\t\t\t\r\n            \r\n\t\t<\/a>\r\n\r\n\r\n\t\t\t\t<\/div>\n\t\t\t\t<\/div>\n\t\t\t\t\t<\/div>\n\t\t<\/div>\n\t\t\t\t<div class=\"elementor-column elementor-col-33 elementor-top-column elementor-element elementor-element-223c574\" data-id=\"223c574\" data-element_type=\"column\">\n\t\t\t<div class=\"elementor-widget-wrap\">\n\t\t\t\t\t\t\t<\/div>\n\t\t<\/div>\n\t\t\t\t\t<\/div>\n\t\t<\/section>\n\t\t\t\t<section class=\"elementor-section elementor-top-section elementor-element elementor-element-3e69f37 elementor-section-boxed elementor-section-height-default elementor-section-height-default\" data-id=\"3e69f37\" data-element_type=\"section\">\n\t\t\t\t\t\t<div class=\"elementor-container elementor-column-gap-default\">\n\t\t\t\t\t<div class=\"elementor-column elementor-col-33 elementor-top-column elementor-element elementor-element-9d4bdef\" data-id=\"9d4bdef\" data-element_type=\"column\">\n\t\t\t<div class=\"elementor-widget-wrap\">\n\t\t\t\t\t\t\t<\/div>\n\t\t<\/div>\n\t\t\t\t<div class=\"elementor-column elementor-col-33 elementor-top-column elementor-element elementor-element-2e489d1\" data-id=\"2e489d1\" data-element_type=\"column\">\n\t\t\t<div class=\"elementor-widget-wrap elementor-element-populated\">\n\t\t\t\t\t\t<div class=\"elementor-element elementor-element-144212c elementor-widget elementor-widget-image\" data-id=\"144212c\" data-element_type=\"widget\" data-widget_type=\"image.default\">\n\t\t\t\t<div class=\"elementor-widget-container\">\n\t\t\t\t\t\t\t\t\t\t\t\t\t<img decoding=\"async\" width=\"1024\" height=\"166\" src=\"https:\/\/web.azor.com.mx\/wp-content\/uploads\/2020\/07\/tira-productos-2-1-1024x166.png\" class=\"attachment-large size-large wp-image-4594\" alt=\"\" srcset=\"https:\/\/web.azor.com.mx\/wp-content\/uploads\/2020\/07\/tira-productos-2-1-1024x166.png 1024w, https:\/\/web.azor.com.mx\/wp-content\/uploads\/2020\/07\/tira-productos-2-1-300x49.png 300w, https:\/\/web.azor.com.mx\/wp-content\/uploads\/2020\/07\/tira-productos-2-1-768x124.png 768w, https:\/\/web.azor.com.mx\/wp-content\/uploads\/2020\/07\/tira-productos-2-1-600x97.png 600w, https:\/\/web.azor.com.mx\/wp-content\/uploads\/2020\/07\/tira-productos-2-1.png 1181w\" sizes=\"(max-width: 1024px) 100vw, 1024px\" \/>\t\t\t\t\t\t\t\t\t\t\t\t\t<\/div>\n\t\t\t\t<\/div>\n\t\t\t\t\t<\/div>\n\t\t<\/div>\n\t\t\t\t<div class=\"elementor-column elementor-col-33 elementor-top-column elementor-element elementor-element-3bd5d91\" data-id=\"3bd5d91\" data-element_type=\"column\">\n\t\t\t<div class=\"elementor-widget-wrap\">\n\t\t\t\t\t\t\t<\/div>\n\t\t<\/div>\n\t\t\t\t\t<\/div>\n\t\t<\/section>\n\t\t\t\t<\/div>\n\t\t","protected":false},"excerpt":{"rendered":"Aviso Importante En esta secci\u00f3n Grupo Azor pone a disposici\u00f3n de sus clientes finales la red de DISTRIBUIDORES AUTORIZADOS que cuentan con venta en l\u00ednea. \u2013 Cada distribuidor maneja diferentes productos, en Grupo Azor no nos hacemos responsables por la oferta y\/o gama de productos que cada uno de ellos ofrece. \u2013 La compra se &#8230; <a title=\"Comprar en L\u00ednea\" class=\"read-more\" href=\"https:\/\/web.azor.com.mx\/index.php\/comprar-en-linea\/\">Leer m\u00e1s<\/a>","protected":false},"author":8,"featured_media":0,"parent":0,"menu_order":0,"comment_status":"closed","ping_status":"closed","template":"","meta":{"_exactmetrics_skip_tracking":false,"_exactmetrics_sitenote_active":false,"_exactmetrics_sitenote_note":"","_exactmetrics_sitenote_category":0,"_monsterinsights_skip_tracking":false,"_monsterinsights_sitenote_active":false,"_monsterinsights_sitenote_note":"","_monsterinsights_sitenote_category":0,"generate_page_header":"","jetpack_post_was_ever_published":false,"footnotes":""},"yoast_head":"<!-- This site is optimized with the Yoast SEO plugin v22.1 - https:\/\/yoast.com\/wordpress\/plugins\/seo\/ -->\n<title>Comprar en L\u00ednea - Grupo Azor M\u00e9xico<\/title>\n<meta name=\"robots\" content=\"index, follow, max-snippet:-1, max-image-preview:large, max-video-preview:-1\" \/>\n<link rel=\"canonical\" href=\"https:\/\/web.azor.com.mx\/index.php\/comprar-en-linea\/\" \/>\n<meta property=\"og:locale\" content=\"es_ES\" \/>\n<meta property=\"og:type\" content=\"article\" \/>\n<meta property=\"og:title\" content=\"Comprar en L\u00ednea - Grupo Azor M\u00e9xico\" \/>\n<meta property=\"og:description\" content=\"Aviso Importante En esta secci\u00f3n Grupo Azor pone a disposici\u00f3n de sus clientes finales la red de DISTRIBUIDORES AUTORIZADOS que cuentan con venta en l\u00ednea. \u2013 Cada distribuidor maneja diferentes productos, en Grupo Azor no nos hacemos responsables por la oferta y\/o gama de productos que cada uno de ellos ofrece. \u2013 La compra se ... Leer m\u00e1s\" \/>\n<meta property=\"og:url\" content=\"https:\/\/web.azor.com.mx\/index.php\/comprar-en-linea\/\" \/>\n<meta property=\"og:site_name\" content=\"Grupo Azor M\u00e9xico\" \/>\n<meta property=\"article:modified_time\" content=\"2023-07-26T18:07:13+00:00\" \/>\n<meta property=\"og:image\" content=\"http:\/\/web.azor.com.mx\/wp-content\/uploads\/2020\/06\/Azor-Logo-sin-Pleca-2015_Artboard-1024x388.png\" \/>\n<meta name=\"twitter:card\" content=\"summary_large_image\" \/>\n<meta name=\"twitter:label1\" content=\"Tiempo de lectura\" \/>\n\t<meta name=\"twitter:data1\" content=\"1 minuto\" \/>\n<script type=\"application\/ld+json\" class=\"yoast-schema-graph\">{\"@context\":\"https:\/\/schema.org\",\"@graph\":[{\"@type\":\"WebPage\",\"@id\":\"https:\/\/web.azor.com.mx\/index.php\/comprar-en-linea\/\",\"url\":\"https:\/\/web.azor.com.mx\/index.php\/comprar-en-linea\/\",\"name\":\"Comprar en L\u00ednea - Grupo Azor M\u00e9xico\",\"isPartOf\":{\"@id\":\"https:\/\/web.azor.com.mx\/#website\"},\"datePublished\":\"2020-07-22T19:09:23+00:00\",\"dateModified\":\"2023-07-26T18:07:13+00:00\",\"breadcrumb\":{\"@id\":\"https:\/\/web.azor.com.mx\/index.php\/comprar-en-linea\/#breadcrumb\"},\"inLanguage\":\"es\",\"potentialAction\":[{\"@type\":\"ReadAction\",\"target\":[\"https:\/\/web.azor.com.mx\/index.php\/comprar-en-linea\/\"]}]},{\"@type\":\"BreadcrumbList\",\"@id\":\"https:\/\/web.azor.com.mx\/index.php\/comprar-en-linea\/#breadcrumb\",\"itemListElement\":[{\"@type\":\"ListItem\",\"position\":1,\"name\":\"Portada\",\"item\":\"https:\/\/web.azor.com.mx\/\"},{\"@type\":\"ListItem\",\"position\":2,\"name\":\"Comprar en L\u00ednea\"}]},{\"@type\":\"WebSite\",\"@id\":\"https:\/\/web.azor.com.mx\/#website\",\"url\":\"https:\/\/web.azor.com.mx\/\",\"name\":\"Grupo Azor M\u00e9xico\",\"description\":\"Fabricantes y distribuidores de art\u00edculos escolares y de oficina\",\"publisher\":{\"@id\":\"https:\/\/web.azor.com.mx\/#organization\"},\"potentialAction\":[{\"@type\":\"SearchAction\",\"target\":{\"@type\":\"EntryPoint\",\"urlTemplate\":\"https:\/\/web.azor.com.mx\/?s={search_term_string}\"},\"query-input\":\"required name=search_term_string\"}],\"inLanguage\":\"es\"},{\"@type\":\"Organization\",\"@id\":\"https:\/\/web.azor.com.mx\/#organization\",\"name\":\"Grupo Azor M\u00e9xico\",\"url\":\"https:\/\/web.azor.com.mx\/\",\"logo\":{\"@type\":\"ImageObject\",\"inLanguage\":\"es\",\"@id\":\"https:\/\/web.azor.com.mx\/#\/schema\/logo\/image\/\",\"url\":\"https:\/\/web.azor.com.mx\/wp-content\/uploads\/2023\/10\/cropped-logo-azor-azul-.png\",\"contentUrl\":\"https:\/\/web.azor.com.mx\/wp-content\/uploads\/2023\/10\/cropped-logo-azor-azul-.png\",\"width\":500,\"height\":190,\"caption\":\"Grupo Azor M\u00e9xico\"},\"image\":{\"@id\":\"https:\/\/web.azor.com.mx\/#\/schema\/logo\/image\/\"}}]}<\/script>\n<!-- \/ Yoast SEO plugin. -->","yoast_head_json":{"title":"Comprar en L\u00ednea - Grupo Azor M\u00e9xico","robots":{"index":"index","follow":"follow","max-snippet":"max-snippet:-1","max-image-preview":"max-image-preview:large","max-video-preview":"max-video-preview:-1"},"canonical":"https:\/\/web.azor.com.mx\/index.php\/comprar-en-linea\/","og_locale":"es_ES","og_type":"article","og_title":"Comprar en L\u00ednea - Grupo Azor M\u00e9xico","og_description":"Aviso Importante En esta secci\u00f3n Grupo Azor pone a disposici\u00f3n de sus clientes finales la red de DISTRIBUIDORES AUTORIZADOS que cuentan con venta en l\u00ednea. \u2013 Cada distribuidor maneja diferentes productos, en Grupo Azor no nos hacemos responsables por la oferta y\/o gama de productos que cada uno de ellos ofrece. \u2013 La compra se ... Leer m\u00e1s","og_url":"https:\/\/web.azor.com.mx\/index.php\/comprar-en-linea\/","og_site_name":"Grupo Azor M\u00e9xico","article_modified_time":"2023-07-26T18:07:13+00:00","og_image":[{"url":"http:\/\/web.azor.com.mx\/wp-content\/uploads\/2020\/06\/Azor-Logo-sin-Pleca-2015_Artboard-1024x388.png"}],"twitter_card":"summary_large_image","twitter_misc":{"Tiempo de lectura":"1 minuto"},"schema":{"@context":"https:\/\/schema.org","@graph":[{"@type":"WebPage","@id":"https:\/\/web.azor.com.mx\/index.php\/comprar-en-linea\/","url":"https:\/\/web.azor.com.mx\/index.php\/comprar-en-linea\/","name":"Comprar en L\u00ednea - Grupo Azor M\u00e9xico","isPartOf":{"@id":"https:\/\/web.azor.com.mx\/#website"},"datePublished":"2020-07-22T19:09:23+00:00","dateModified":"2023-07-26T18:07:13+00:00","breadcrumb":{"@id":"https:\/\/web.azor.com.mx\/index.php\/comprar-en-linea\/#breadcrumb"},"inLanguage":"es","potentialAction":[{"@type":"ReadAction","target":["https:\/\/web.azor.com.mx\/index.php\/comprar-en-linea\/"]}]},{"@type":"BreadcrumbList","@id":"https:\/\/web.azor.com.mx\/index.php\/comprar-en-linea\/#breadcrumb","itemListElement":[{"@type":"ListItem","position":1,"name":"Portada","item":"https:\/\/web.azor.com.mx\/"},{"@type":"ListItem","position":2,"name":"Comprar en L\u00ednea"}]},{"@type":"WebSite","@id":"https:\/\/web.azor.com.mx\/#website","url":"https:\/\/web.azor.com.mx\/","name":"Grupo Azor M\u00e9xico","description":"Fabricantes y distribuidores de art\u00edculos escolares y de oficina","publisher":{"@id":"https:\/\/web.azor.com.mx\/#organization"},"potentialAction":[{"@type":"SearchAction","target":{"@type":"EntryPoint","urlTemplate":"https:\/\/web.azor.com.mx\/?s={search_term_string}"},"query-input":"required name=search_term_string"}],"inLanguage":"es"},{"@type":"Organization","@id":"https:\/\/web.azor.com.mx\/#organization","name":"Grupo Azor M\u00e9xico","url":"https:\/\/web.azor.com.mx\/","logo":{"@type":"ImageObject","inLanguage":"es","@id":"https:\/\/web.azor.com.mx\/#\/schema\/logo\/image\/","url":"https:\/\/web.azor.com.mx\/wp-content\/uploads\/2023\/10\/cropped-logo-azor-azul-.png","contentUrl":"https:\/\/web.azor.com.mx\/wp-content\/uploads\/2023\/10\/cropped-logo-azor-azul-.png","width":500,"height":190,"caption":"Grupo Azor M\u00e9xico"},"image":{"@id":"https:\/\/web.azor.com.mx\/#\/schema\/logo\/image\/"}}]}},"jetpack_sharing_enabled":true,"jetpack_shortlink":"https:\/\/wp.me\/P9lBFi-1c4","_links":{"self":[{"href":"https:\/\/web.azor.com.mx\/index.php\/wp-json\/wp\/v2\/pages\/4592"}],"collection":[{"href":"https:\/\/web.azor.com.mx\/index.php\/wp-json\/wp\/v2\/pages"}],"about":[{"href":"https:\/\/web.azor.com.mx\/index.php\/wp-json\/wp\/v2\/types\/page"}],"author":[{"embeddable":true,"href":"https:\/\/web.azor.com.mx\/index.php\/wp-json\/wp\/v2\/users\/8"}],"replies":[{"embeddable":true,"href":"https:\/\/web.azor.com.mx\/index.php\/wp-json\/wp\/v2\/comments?post=4592"}],"version-history":[{"count":5,"href":"https:\/\/web.azor.com.mx\/index.php\/wp-json\/wp\/v2\/pages\/4592\/revisions"}],"predecessor-version":[{"id":5180,"href":"https:\/\/web.azor.com.mx\/index.php\/wp-json\/wp\/v2\/pages\/4592\/revisions\/5180"}],"wp:attachment":[{"href":"https:\/\/web.azor.com.mx\/index.php\/wp-json\/wp\/v2\/media?parent=4592"}],"curies":[{"name":"wp","href":"https:\/\/api.w.org\/{rel}","templated":true}]}}